at is the greatest common divisor of 702768 and 96?
48
Calculate the greatest common divisor of 1688 and 891686.
422
What is the highest common factor of 192 and 314448?
48
Calculate the greatest common factor of 109957 and 155.
31
What is the greatest common factor of 1270 and 6858?
254
Calculate the highest common divisor of 992710 and 1480.
370
What is the greatest common divisor of 303 and 85345?
101
What is the highest common divisor of 847500 and 300?
300
Calculate the greatest common factor of 21 and 4257687.
21
Calculate the greatest common factor of 260 and 1196.
52
What is the highest common factor of 1458 and 1161?
27
What is the highest common factor of 335522 and 2416?
302
Calculate the highest common factor of 125824 and 8.
8
What is the highest common divisor of 10338 and 8?
2
What is the greatest common divisor of 2104 and 424?
8
What is the highest common divisor of 71712 and 64?
32
What is the greatest common divisor of 4 and 3903?
1
What is the greatest common factor of 174 and 4362?
6
Calculate the greatest common factor of 5899 and 442.
17
Calculate the highest common factor of 132 and 2174964.
132
What is the greatest common divisor of 28302 and 7654?
178
What is the greatest common divisor of 4683 and 171933?
669
Calculate the greatest common divisor of 36374 and 403.
13
Calculate the greatest common factor of 6107 and 806.
31
What is the highest common factor of 14154 and 24?
6
Calculate the greatest common factor of 94728 and 48.
24
Calculate the greatest common divisor of 131 and 37859.
131
What is the highest common factor of 665908 and 2493?
277
What is the highest common divisor of 9320 and 11720?
40
What is the greatest common factor of 14267 and 102463?
1297
Calculate the greatest common factor of 666 and 17406.
18
What is the highest common divisor of 7083 and 54?
9
Calculate the highest common divisor of 1682 and 10.
2
What is the greatest common divisor of 1608 and 300?
12
Calculate the highest common factor of 130 and 4394.
26
What is the greatest common factor of 176 and 12056?
88
Calculate the greatest common factor of 48944 and 336.
112
What is the greatest common factor of 1264 and 3239?
79
Calculate the greatest common factor of 516 and 9156.
12
What is the greatest common factor of 1425 and 180177?
57
Calculate the greatest common factor of 808 and 279972.
404
What is the greatest common divisor of 501676 and 14?
14
Calculate the greatest common factor of 34933 and 3077.
181
Calculate the highest common divisor of 100 and 192250.
50
What is the greatest common divisor of 3116 and 8487?
41
Calculate the highest common divisor of 13 and 144963.
13
What is the highest common divisor of 18 and 4294539?
9
What is the highest common divisor of 115696 and 168?
56
Calculate the greatest common factor of 2525742 and 108.
54
What is the highest common divisor of 32 and 28012?
4
Calculate the greatest common factor of 96 and 1760136.
24
Calculate the highest common divisor of 658216 and 1924.
52
Calculate the greatest common divisor of 1794923 and 26.
13
What is the greatest common factor of 1957848 and 232?
232
What is the greatest common factor of 1188 and 46772?
44
What is the greatest common divisor of 1376 and 1371184?
688
Calculate the greatest common factor of 31132 and 1376.
172
What is the greatest common factor of 46026 and 108?
18
What is the highest common factor of 180 and 210345?
15
Calculate the greatest common divisor of 396 and 375969.
33
Calculate the highest common divisor of 30628375 and 59.
59
What is the greatest common factor of 77425 and 475?
475
What is the greatest common factor of 3250 and 200?
50
Calculate the highest common divisor of 80 and 2508080.
80
Calculate the greatest common factor of 1197 and 1169.
7
Calculate the highest common factor of 39 and 125619.
39
Calculate the highest common factor of 59 and 5287049.
59
Calculate the greatest common divisor of 741 and 2509.
13
What is the highest common factor of 86657 and 20072?
193
What is the highest common divisor of 4293 and 393048?
477
What is the greatest common factor of 564 and 24708?
12
What is the greatest common factor of 2883 and 247659?
93
What is the greatest common divisor of 33 and 110330?
11
Calculate the highest common divisor of 33 and 209132.
11
Calculate the greatest common factor of 527 and 59364.
17
What is the highest common divisor of 291436 and 4?
4
Calculate the highest common divisor of 2431 and 517.
11
Calculate the highest common factor of 804677 and 862.
431
Calculate the greatest common factor of 36 and 2388.
12
Calculate the highest common factor of 141391 and 124.
31
Calculate the greatest common factor of 12897210 and 20.
10
What is the greatest common divisor of 1904364 and 5292?
756
Calculate the highest common divisor of 33907 and 1353.
41
Calculate the highest common divisor of 162 and 125946.
18
Calculate the greatest common factor of 8446 and 164.
82
What is the highest common divisor of 251241 and 166?
83
What is the greatest common factor of 5931 and 288?
9
Calculate the greatest common divisor of 148940 and 385.
55
What is the highest common divisor of 371126 and 541?
541
Calculate the highest common divisor of 204 and 72148.
68
Calculate the highest common factor of 46516 and 464.
116
Calculate the highest common divisor of 7313 and 1917.
71
Calculate the greatest common divisor of 132 and 11620884.
132
What is the highest common divisor of 4636 and 190?
38
Calculate the highest common factor of 116469 and 18.
9
Calculate the greatest common factor of 109220 and 1935.
215
What is the greatest common divisor of 24354 and 781?
11
What is the greatest common divisor of 220 and 33305?
5
Calculate the highest common divisor of 737 and 2453.
11
What is the highest common divisor of 36 and 834084?
36
Calculate the greatest common factor of 2 and 446.
2
Calculate the greatest common divisor of 2144835 and 63.
63
What is the highest common divisor of 373290 and 4140?
690
Calculate the highest common factor of 6765 and 435.
15
What is the greatest common factor of 4472 and 819?
13
Calculate the highest common factor of 323652 and 462.
42
What is the greatest common factor of 30228 and 88?
44
Calculate the highest common divisor of 7936 and 98048.
256
Calculate the highest common divisor of 25 and 1263775.
25
Calculate the greatest common divisor of 99 and 90936.
9
What is the greatest common divisor of 15 and 36452445?
15
Calculate the greatest common factor of 7 and 74417.
7
What is the greatest common factor of 535 and 122301?
107
What is the greatest common divisor of 72475 and 247?
13
What is the greatest common factor of 255 and 68340?
255
Calculate the greatest common factor of 93 and 3131.
31
Calculate the highest common factor of 1007 and 57.
19
What is the greatest common divisor of 120 and 3228?
12
Calculate the greatest common factor of 40117 and 4466.
77
What is the greatest common divisor of 18 and 265194?
18
What is the greatest common divisor of 18 and 25803?
9
What is the greatest common divisor of 99 and 186483?
33
Calculate the highest common divisor of 2200 and 2145.
55
What is the highest common divisor of 189 and 16149?
21
Calculate the greatest common factor of 1132 and 3821066.
566
What is the greatest common divisor of 18974 and 4558?
106
What is the highest common divisor of 74736 and 10152?
216
Calculate the highest common factor of 22 and 75662.
2
What is the highest common factor of 232 and 2124656?
232
Calculate the highest common factor of 6444 and 1536.
12
Calculate the greatest common factor of 27082 and 88.
22
What is the greatest common factor of 179296 and 416?
416
Calculate the greatest common divisor of 79736 and 8.
8
Calculate the highest common factor of 826 and 578613.
413
Calculate the highest common factor of 500749 and 61.
61
Calculate the highest common factor of 655 and 29213.
131
Calculate the highest common factor of 124 and 348626.
62
What is the highest common divisor of 64398 and 6?
6
Calculate the greatest common divisor of 5940 and 305316.
1188
Calculate the greatest common factor of 5 and 65045.
5
Calculate the greatest common divisor of 30 and 57170.
10
What is the greatest common factor of 22 and 4001162?
22
What is the highest common divi